{"id":223,"date":"2021-11-16T05:04:25","date_gmt":"2021-11-16T04:04:25","guid":{"rendered":"https:\/\/tchibo2go.ro\/piacetto\/?page_id=223"},"modified":"2022-12-08T17:14:31","modified_gmt":"2022-12-08T16:14:31","slug":"coffee","status":"publish","type":"page","link":"https:\/\/tchibo2go.ro\/piacetto\/coffee\/","title":{"rendered":"Piacetto Caff\u00e8"},"content":{"rendered":"<p>Inspirate de secolele de tradi\u021bie de cafea italian\u0103 \u0219i de pasiunea baristilor pentru o cafea excelent\u0103, cafelele premium Piacetto au fost dezvoltate exclusiv pentru profesioni\u0219tii exigen\u021bi. Sunt f\u0103cute numai din cele mai bune boabe de cafea de la ferme certificate Rainforest Alliance \u0219i sunt procesate \u0219i pr\u0103jite la cele mai \u00eenalte standarde, \u00eenainte de a fi testate din punct de vedere al gustului \u0219i de a se efectua controale de calitate de c\u0103tre exper\u021bii no\u0219tri de renume \u00een materie de cafea.<\/p>\n","protected":false},"excerpt":{"rendered":"<p>Inspirate de secolele de tradi\u021bie de cafea italian\u0103 \u0219i de pasiunea baristilor pentru o cafea excelent\u0103, cafelele premium Piacetto au fost dezvoltate exclusiv pentru profesioni\u0219tii exigen\u021bi. Sunt f\u0103cute numai din cele mai bune boabe de cafea de la ferme certificate Rainforest Alliance \u0219i sunt procesate \u0219i pr\u0103jite la cele mai \u00eenalte standarde, \u00eenainte de a fi testate din punct de [&hellip;]<\/p>\n","protected":false},"author":1,"featured_media":0,"parent":0,"menu_order":0,"comment_status":"closed","ping_status":"closed","template":"","meta":{"footnotes":""},"class_list":["post-223","page","type-page","status-publish","hentry"],"yoast_head":"<!-- This site is optimized with the Yoast SEO plugin v18.6 - https:\/\/yoast.com\/wordpress\/plugins\/seo\/ -->\n<title>Piacetto Caff\u00e8 - cafea premium ca \u00een Italie<\/title>\n<meta name=\"description\" content=\"Inspirate de secolele de tradi\u021bie de cafea italian\u0103 \u0219i de pasiunea baristilor pentru o cafea excelent\u0103, cafelele premium Piacetto au fost dezvoltate exclusiv pentru profesioni\u0219tii exigen\u021bi.\" \/>\n<meta name=\"robots\" content=\"index, follow, max-snippet:-1, max-image-preview:large, max-video-preview:-1\" \/>\n<link rel=\"canonical\" href=\"https:\/\/tchibo2go.ro\/piacetto\/coffee\/\" \/>\n<meta property=\"og:locale\" content=\"ro_RO\" \/>\n<meta property=\"og:type\" content=\"article\" \/>\n<meta property=\"og:title\" content=\"Piacetto Caff\u00e8 - cafea premium ca \u00een Italie\" \/>\n<meta property=\"og:description\" content=\"Inspirate de secolele de tradi\u021bie de cafea italian\u0103 \u0219i de pasiunea baristilor pentru o cafea excelent\u0103, cafelele premium Piacetto au fost dezvoltate exclusiv pentru profesioni\u0219tii exigen\u021bi.\" \/>\n<meta property=\"og:url\" content=\"https:\/\/tchibo2go.ro\/piacetto\/coffee\/\" \/>\n<meta property=\"og:site_name\" content=\"Piacetto\" \/>\n<meta property=\"article:modified_time\" content=\"2022-12-08T16:14:31+00:00\" \/>\n<meta name=\"twitter:card\" content=\"summary_large_image\" \/>\n<script type=\"application\/ld+json\" class=\"yoast-schema-graph\">{\"@context\":\"https:\/\/schema.org\",\"@graph\":[{\"@type\":\"Organization\",\"@id\":\"https:\/\/tchibo2go.ro\/piacetto\/#organization\",\"name\":\"Tchibo2Go - Piacetto\",\"url\":\"https:\/\/tchibo2go.ro\/piacetto\/\",\"sameAs\":[],\"logo\":{\"@type\":\"ImageObject\",\"@id\":\"https:\/\/tchibo2go.ro\/piacetto\/#logo\",\"inLanguage\":\"ro-RO\",\"url\":\"https:\/\/tchibo2go.ro\/piacetto\/wp-content\/uploads\/sites\/3\/2021\/11\/Piacetto_logo-tile_RGB_RZ.svg\",\"contentUrl\":\"https:\/\/tchibo2go.ro\/piacetto\/wp-content\/uploads\/sites\/3\/2021\/11\/Piacetto_logo-tile_RGB_RZ.svg\",\"width\":\"1024\",\"height\":\"1024\",\"caption\":\"Tchibo2Go - Piacetto\"},\"image\":{\"@id\":\"https:\/\/tchibo2go.ro\/piacetto\/#logo\"}},{\"@type\":\"WebSite\",\"@id\":\"https:\/\/tchibo2go.ro\/piacetto\/#website\",\"url\":\"https:\/\/tchibo2go.ro\/piacetto\/\",\"name\":\"Piacetto\",\"description\":\"Eine weitere Tchibo2Go Websites Website\",\"publisher\":{\"@id\":\"https:\/\/tchibo2go.ro\/piacetto\/#organization\"},\"potentialAction\":[{\"@type\":\"SearchAction\",\"target\":{\"@type\":\"EntryPoint\",\"urlTemplate\":\"https:\/\/tchibo2go.ro\/piacetto\/?s={search_term_string}\"},\"query-input\":\"required name=search_term_string\"}],\"inLanguage\":\"ro-RO\"},{\"@type\":\"WebPage\",\"@id\":\"https:\/\/tchibo2go.ro\/piacetto\/coffee\/#webpage\",\"url\":\"https:\/\/tchibo2go.ro\/piacetto\/coffee\/\",\"name\":\"Piacetto Caff\u00e8 - cafea premium ca \u00een Italie\",\"isPartOf\":{\"@id\":\"https:\/\/tchibo2go.ro\/piacetto\/#website\"},\"datePublished\":\"2021-11-16T04:04:25+00:00\",\"dateModified\":\"2022-12-08T16:14:31+00:00\",\"description\":\"Inspirate de secolele de tradi\u021bie de cafea italian\u0103 \u0219i de pasiunea baristilor pentru o cafea excelent\u0103, cafelele premium Piacetto au fost dezvoltate exclusiv pentru profesioni\u0219tii exigen\u021bi.\",\"breadcrumb\":{\"@id\":\"https:\/\/tchibo2go.ro\/piacetto\/coffee\/#breadcrumb\"},\"inLanguage\":\"ro-RO\",\"potentialAction\":[{\"@type\":\"ReadAction\",\"target\":[\"https:\/\/tchibo2go.ro\/piacetto\/coffee\/\"]}]},{\"@type\":\"BreadcrumbList\",\"@id\":\"https:\/\/tchibo2go.ro\/piacetto\/coffee\/#breadcrumb\",\"itemListElement\":[{\"@type\":\"ListItem\",\"position\":1,\"name\":\"Startseite\",\"item\":\"https:\/\/tchibo2go.ro\/piacetto\/\"},{\"@type\":\"ListItem\",\"position\":2,\"name\":\"Piacetto Caff\u00e8\"}]}]}<\/script>\n<!-- \/ Yoast SEO plugin. -->","yoast_head_json":{"title":"Piacetto Caff\u00e8 - cafea premium ca \u00een Italie","description":"Inspirate de secolele de tradi\u021bie de cafea italian\u0103 \u0219i de pasiunea baristilor pentru o cafea excelent\u0103, cafelele premium Piacetto au fost dezvoltate exclusiv pentru profesioni\u0219tii exigen\u021bi.","robots":{"index":"index","follow":"follow","max-snippet":"max-snippet:-1","max-image-preview":"max-image-preview:large","max-video-preview":"max-video-preview:-1"},"canonical":"https:\/\/tchibo2go.ro\/piacetto\/coffee\/","og_locale":"ro_RO","og_type":"article","og_title":"Piacetto Caff\u00e8 - cafea premium ca \u00een Italie","og_description":"Inspirate de secolele de tradi\u021bie de cafea italian\u0103 \u0219i de pasiunea baristilor pentru o cafea excelent\u0103, cafelele premium Piacetto au fost dezvoltate exclusiv pentru profesioni\u0219tii exigen\u021bi.","og_url":"https:\/\/tchibo2go.ro\/piacetto\/coffee\/","og_site_name":"Piacetto","article_modified_time":"2022-12-08T16:14:31+00:00","twitter_card":"summary_large_image","schema":{"@context":"https:\/\/schema.org","@graph":[{"@type":"Organization","@id":"https:\/\/tchibo2go.ro\/piacetto\/#organization","name":"Tchibo2Go - Piacetto","url":"https:\/\/tchibo2go.ro\/piacetto\/","sameAs":[],"logo":{"@type":"ImageObject","@id":"https:\/\/tchibo2go.ro\/piacetto\/#logo","inLanguage":"ro-RO","url":"https:\/\/tchibo2go.ro\/piacetto\/wp-content\/uploads\/sites\/3\/2021\/11\/Piacetto_logo-tile_RGB_RZ.svg","contentUrl":"https:\/\/tchibo2go.ro\/piacetto\/wp-content\/uploads\/sites\/3\/2021\/11\/Piacetto_logo-tile_RGB_RZ.svg","width":"1024","height":"1024","caption":"Tchibo2Go - Piacetto"},"image":{"@id":"https:\/\/tchibo2go.ro\/piacetto\/#logo"}},{"@type":"WebSite","@id":"https:\/\/tchibo2go.ro\/piacetto\/#website","url":"https:\/\/tchibo2go.ro\/piacetto\/","name":"Piacetto","description":"Eine weitere Tchibo2Go Websites Website","publisher":{"@id":"https:\/\/tchibo2go.ro\/piacetto\/#organization"},"potentialAction":[{"@type":"SearchAction","target":{"@type":"EntryPoint","urlTemplate":"https:\/\/tchibo2go.ro\/piacetto\/?s={search_term_string}"},"query-input":"required name=search_term_string"}],"inLanguage":"ro-RO"},{"@type":"WebPage","@id":"https:\/\/tchibo2go.ro\/piacetto\/coffee\/#webpage","url":"https:\/\/tchibo2go.ro\/piacetto\/coffee\/","name":"Piacetto Caff\u00e8 - cafea premium ca \u00een Italie","isPartOf":{"@id":"https:\/\/tchibo2go.ro\/piacetto\/#website"},"datePublished":"2021-11-16T04:04:25+00:00","dateModified":"2022-12-08T16:14:31+00:00","description":"Inspirate de secolele de tradi\u021bie de cafea italian\u0103 \u0219i de pasiunea baristilor pentru o cafea excelent\u0103, cafelele premium Piacetto au fost dezvoltate exclusiv pentru profesioni\u0219tii exigen\u021bi.","breadcrumb":{"@id":"https:\/\/tchibo2go.ro\/piacetto\/coffee\/#breadcrumb"},"inLanguage":"ro-RO","potentialAction":[{"@type":"ReadAction","target":["https:\/\/tchibo2go.ro\/piacetto\/coffee\/"]}]},{"@type":"BreadcrumbList","@id":"https:\/\/tchibo2go.ro\/piacetto\/coffee\/#breadcrumb","itemListElement":[{"@type":"ListItem","position":1,"name":"Startseite","item":"https:\/\/tchibo2go.ro\/piacetto\/"},{"@type":"ListItem","position":2,"name":"Piacetto Caff\u00e8"}]}]}},"_links":{"self":[{"href":"https:\/\/tchibo2go.ro\/piacetto\/wp-json\/wp\/v2\/pages\/223","targetHints":{"allow":["GET"]}}],"collection":[{"href":"https:\/\/tchibo2go.ro\/piacetto\/wp-json\/wp\/v2\/pages"}],"about":[{"href":"https:\/\/tchibo2go.ro\/piacetto\/wp-json\/wp\/v2\/types\/page"}],"author":[{"embeddable":true,"href":"https:\/\/tchibo2go.ro\/piacetto\/wp-json\/wp\/v2\/users\/1"}],"replies":[{"embeddable":true,"href":"https:\/\/tchibo2go.ro\/piacetto\/wp-json\/wp\/v2\/comments?post=223"}],"version-history":[{"count":35,"href":"https:\/\/tchibo2go.ro\/piacetto\/wp-json\/wp\/v2\/pages\/223\/revisions"}],"predecessor-version":[{"id":445,"href":"https:\/\/tchibo2go.ro\/piacetto\/wp-json\/wp\/v2\/pages\/223\/revisions\/445"}],"wp:attachment":[{"href":"https:\/\/tchibo2go.ro\/piacetto\/wp-json\/wp\/v2\/media?parent=223"}],"curies":[{"name":"wp","href":"https:\/\/api.w.org\/{rel}","templated":true}]}}